= -4*k**3 + 535*k**2 + 156*k + 104. Determine o(134).
3052
Let z(o) = o**3 + 30*o**2 + 1073*o + 16405. Give z(-19).
-11
Let i(o) = -1930*o - 108157. What is i(-57)?
1853
Let q(g) = -3*g**2 + 800*g + 81960. Determine q(-79).
37
Let r(x) = -6*x**3 - 11*x**2 - 13*x + 3. Give r(3).
-297
Let a(s) = 19*s**3 + 1937*s**2 - 118*s - 1623. Give a(-102).
9
Let r(l) = -250*l**2 - 547*l - 66. Give r(-2).
28
Let r(p) = -20*p**3 + 49975*p**2 + 12503*p - 19983. What is r(2499)?
9
Let p(h) = 8*h**2 + 1186*h + 2640. What is p(-146)?
12
Let h(g) = -924*g**2 + 57246*g + 2663. Determine h(62).
59
Let b(p) = 3360*p + 25033. Give b(-8).
-1847
Let u(q) = 5660665*q + 56606649. Give u(-10).
-1
Let p(i) = -19*i**3 + 18*i**2 + 44*i + 12. Determine p(-2).
148
Let y(s) = 4*s**2 + 285*s + 4689. What is y(-25)?
64
Let d(s) = -507*s**3 - 12721*s**2 - 1152*s - 55. Give d(-25).
-5
Let n(y) = y**3 - 118*y**2 - 377*y + 1583. Calculate n(121).
-111
Let q(a) = -a**3 - 71*a**2 + 1512*a + 1392. Give q(-88).
-16
Let g(s) = s**3 + 11*s**2 + 2289*s + 33567. Determine g(-15).
-1668
Let n(t) = -3473*t - 16873. What is n(-5)?
492
Let i(h) = 11610*h - 92448. Give i(8).
432
Let c(i) = -359*i**2 + 447*i - 5. Give c(1).
83
Let p(c) = -10087*c - 2219136. Determine p(-220).
4
Let y(s) = 91*s + 25448. Determine y(-281).
-123
Let y(p) = 3557136*p - 21342810. Give y(6).
6
Let q(h) = 54*h**2 - 1855*h + 661. What is q(34)?
15
Let f(m) = 28060*m + 196346. What is f(-7)?
-74
Let p(g) = 15467*g - 448535. Determine p(29).
8
Let a(g) = 2*g**2 - 370*g - 10826. Calculate a(-26).
146
Let c(y) = 3*y**2 + 78*y - 2909. Calculate c(26).
1147
Let l(g) = g**3 - 47*g**2 + 3057*g - 138541. Determine l(46).
-35
Let h(i) = 2152*i + 19097. Calculate h(-9).
-271
Let l(j) = 84125*j + 588862. What is l(-7)?
-13
Let h(w) = 142819*w - 856743. Calculate h(6).
171
Let q(s) = 83*s**2 + 1555*s + 1555. Give q(-1).
83
Let k(y) = 995*y + 244932. Give k(-246).
162
Let a(f) = -f**2 - 995*f - 24355. Determine a(-970).
-105
Let k(u) = 1696*u + 61137. What is k(-36)?
81
Let a(c) = c**3 + 120*c**2 + 1524*c + 85. Determine a(-105).
5440
Let h(g) = -632*g + 7675. Calculate h(12).
91
Let t(d) = 1320*d - 177154. Determine t(134).
-274
Let q(s) = -300*s - 3771. What is q(-12)?
-171
Let d(a) = 8971*a + 592096. What is d(-66)?
10
Let v(s) = -s**3 + 131*s**2 + 1262*s - 487. Determine v(140).
-207
Let g(u) = -11681*u - 11489. Determine g(-1).
192
Let a(w) = -337703*w + 25665428. Give a(76).
0
Let l(j) = -1422*j - 271592. Give l(-191).
10
Let s(i) = 29241*i + 3684345. What is s(-126)?
-21
Let k(l) = 12*l**3 + 781*l**2 + 50*l - 963. Calculate k(-65).
12
Let i(a) = -a**2 - 1213*a - 174774. Determine i(-167).
-92
Let j(u) = 3*u**2 - 88*u + 16. Calculate j(11).
-589
Let y(f) = -15*f**2 + 83*f + 748. Give y(-11).
-1980
Let v(s) = 535*s + 2076. What is v(-4)?
-64
Let f(c) = -5*c**3 - 1709*c**2 + 307*c - 11972. Calculate f(-342).
-2
Let z(b) = -2*b**2 + 44903*b + 449167. Give z(-10).
-63
Let h(x) = 4*x**2 + 182*x + 1108. Calculate h(-6).
160
Let v(d) = -d**3 - 5*d**2 + 3861*d - 4. Give v(0).
-4
Let a(m) = -12*m**2 - 1097332*m + 2194669. What is a(2)?
-43
Let l(k) = 399*k - 4639. Calculate l(4).
-3043
Let o(u) = 37*u**2 - 599*u - 163. Calculate o(18).
1043
Let x(j) = -153925*j + 923638. What is x(6)?
88
Let r(n) = n**3 + 22*n**2 + 6802*n + 128119. Give r(-19).
-36
Let w(j) = 33208*j - 165975. Determine w(5).
65
Let p(n) = n**3 - 37*n**2 - 18*n - 8118. Determine p(42).
-54
Let j(d) = 22801*d - 1687263. Determine j(74).
11
Let q(d) = 130*d**3 + 10792*d**2 + 173*d + 563. Give q(-83).
-18
Let a(h) = h**2 + 463*h - 83686. Determine a(139).
-8
Let n(k) = -2*k**2 - 378*k + 1532. Calculate n(-192).
380
Let j(w) = w**2 + 471*w + 14657. Determine j(-33).
203
Let b(w) = 15*w**3 - 136*w**2 - 136*w + 1286. Determine b(9).
-19
Let c(f) = 6322*f + 6380. What is c(-1)?
58
Let z(m) = 84*m**2 + 229*m + 213. Give z(-1).
68
Let n(w) = -33*w + 254. What is n(25)?
-571
Let z(l) = -129206*l + 2067296. What is z(16)?
0
Let y(s) = -882*s + 264614. Calculate y(300).
14
Let f(i) = -532*i**2 + 7268*i - 4572. Give f(13).
4
Let d(b) = -b**2 - 188*b - 6159. Determine d(-145).
76
Let g(z) = 8759*z + 271524. Calculate g(-31).
-5
Let p(c) = -7*c**3 - 98*c**2 - 327*c + 98. Give p(-7).
-14
Let m(y) = y**2 + 15243*y - 366406. What is m(24)?
2
Let t(w) = -17*w**3 + 86*w**2 - 510*w + 2593. What is t(5)?
68
Let t(s) = 26*s**2 - 131*s - 374. Give t(-3).
253
Let k(z) = -14*z**3 - 3489*z**2 - 748*z - 196. Give k(-249).
53
Let t(f) = 45*f**2 - 2328*f + 364. What is t(51)?
-1319
Let q(d) = 8*d**2 + 342*d - 159. Determine q(-37).
-1861
Let o(f) = f**3 + 10*f**2 + 14*f + 980. Calculate o(-16).
-780
Let s(y) = y**2 - 45*y + 82. What is s(60)?
982
Let b(j) = -940316*j - 27269158. Calculate b(-29).
6
Let s(u) = u**3 + 58*u**2 + 39525*u + 2292447. What is s(-58)?
-3
Let l(i) = -2*i**3 - 388*i**2 + 2*i - 53. What is l(-194)?
-441
Let i(b) = -b**3 - 32*b**2 - 242*b - 28. Determine i(-20).
12
Let a(b) = b**3 + 6*b**2 - 26186*b - 209360. Determine a(-8).
0
Let k(c) = -c**2 + 319*c + 46807. Determine k(-109).
155
Let w(f) = f**3 - 74*f**2 - 667*f + 953. Give w(82).
51
Let c(n) = -3*n**3 + 67*n**2 + 1337*n - 251. Give c(35).
-6
Let y(f) = 2265*f**2 + 40778*f + 145. Determine y(-18).
1
Let u(c) = -129*c**3 - 1206*c**2 - 394*c + 30. Calculate u(-9).
-69
Let h(t) = -t**2 - 225*t - 11256. Determine h(-71).
-322
Let u(c) = -525*c + 25808. What is u(49)?
83
Let l(k) = -149534*k + 4934627. Give l(33).
5
Let v(h) = -333*h + 211. Calculate v(1).
-122
Let h(a) = -153*a**2 - 1146*a + 20. What is h(-8)?
-604
Let k(l) = -126886*l + 126902. Determine k(1).
16
Let n(f) = -5*f**2 - 28104*f - 84318. Determine n(-3).
-51
Let c(m) = 11*m**2 - 5478*m + 43752. Calculate c(8).
632
Let a(k) = -2*k**3 + 356*k**2 - 3381*k - 13. Determine a(10).
-223
Let k(z) = -32128*z - 353426. What is k(-11)?
-18
Let g(b) = -174586*b + 698342. Give g(4).
-2
Let o(a) = 19*a**2 + 702*a - 5899. Calculate o(-44).
-3
Let m(u) = 4611*u**2 - 304259*u - 4419. Give m(66).
3
Let g(s) = s**3 - 60*s**2 + 18*s - 1495. Determine g(60).
-415
Let v(d) = 2*d**2 + 1098*d - 12159. Give v(11).
161
Let o(t) = -7*t**2 - 1684*t + 4111. What is o(-243)?
-20
Let k(f) = 2*f**3 - 165*f**2 - 19163*f + 787. Calculate k(-65).
7
Let x(p) = -14*p**2 + 42*p - 7. Calculate x(-1).
-63
Let b(u) = -61*u**3 + 234*u**2 - 17*u + 16. What is b(4)?
-212
Let f(h) = -127*h**2 - 13092*h + 12059. What is f(-104)?
-5
Let w(r) = -362557*r + 362553. Determine w(1).
-4
Let u(g) = g**3 + 231*g**2 + 10819*g + 4819. Determine u(-166).
5
Let g(c) = -32621*c + 358788. Calculate g(11).
-43
Let g(q) = -73*q**2 + 5299*q + 40663. Determine g(-7).
-7
Let f(a) = 27309*a - 272962. What is f(10)?
128
Let g(j) = j**3 - 49*j**2 - 230*j + 1017. Determine g(53).
63
Let c(m) = m**3 + 31*m**2 - 188*m - 250. Give c(-36).
38
Let w(i) = 628*i + 111980. Calculate w(-179).
-432
Let m(v) = 2792*v + 19511. Determine m(-7).
-33
Let a(g) = 266*g**2 + 794*g - 45. Calculate a(-3).
-33
Let h(c) = -190*c**2 + 45*c + 12. Calculate h(-2).
-838
Let u(q) = q**3 + 20*q**2 - 124*q - 47. What is u(8)?
753
Let k(w) = 185*w - 1650. Determine k(8).
-170
Let c(l) = l**3 + 3879*l**2 + 187679*l + 434. Determine c(-49).
-7
Let t(p) = -2*p**3 + 18*p**2 + 16*p - 92. Determine t(7).
216
Let w(u) = -2*u**3 + 633*u**2 + 6850*u + 5559. Give w(327).
0
Let h(g) = -3479*g**2 + 6958*g. What is h(2)?
0
Let j(v) = v**2 - 1354*v - 68759. Calculate j(-49).
-12
Let b(s) = -140*s**2 + 11056*s + 351. Determine b(79).
35
Let l(g) = 4*g**3 - 287*g**2 - 4*g - 4927. What is l(72)?
-31
Let m(a) = -a**3 - 169*a**2 - 5154*a + 819. Calculate m(-129).
45
Let h(q) = -2205*q + 55534. Determine h(25).
409
Let g(w) = w**3 - 694*w**2 - 496*w + 344237. Calculate g(694).
13
Let t(a) = 2*a**2 - 2649*a + 836422. Determine t(805).
27
Let k(y) = -46*y**2 - 3913*y - 268. Give k(-85).
-13
Let c(k) = -k**3 - 48*k**2 + 186*k + 12759. Calculate c(-46).
-29
Let f(w) = 17960*w - 233479. Determine f(13).
1
Let j(h) = -55*h**3 + 2914*h**2 + 41*h + 641. Give j(53).
5
Let z(g) = 2434*g - 50817. Calculate z(22).
2731
Let q(z) = -9148*z + 118926. What is q(13)?
2
Let d(r) = -r**2 - 1983*r - 526769. Give d(-316).
3
Let b(m) = 5767*m - 48228. Determine b(8).
-2092
Let t(f) = -33*f**3 - 33*f